{"id":324,"date":"2025-05-25T01:19:42","date_gmt":"2025-05-25T00:19:42","guid":{"rendered":"http:\/\/localhost:8080\/mysecondsite\/?page_id=324"},"modified":"2025-05-25T01:47:01","modified_gmt":"2025-05-25T00:47:01","slug":"conditions-dutilisation","status":"publish","type":"page","link":"https:\/\/myjawhara.com\/index.php\/conditions-dutilisation\/","title":{"rendered":"conditions d&#8217;utilisation"},"content":{"rendered":"<style>.elementor-324 .elementor-element.elementor-element-1edc6de{--display:flex;--flex-direction:column;--container-widget-width:100%;--container-widget-height:initial;--container-widget-flex-grow:0;--container-widget-align-self:initial;--flex-wrap-mobile:wrap;--margin-top:0px;--margin-bottom:0px;--margin-left:0px;--margin-right:0px;--padding-top:0px;--padding-bottom:0px;--padding-left:0px;--padding-right:0px;}.elementor-324 .elementor-element.elementor-element-c4ca7a6{--display:flex;--min-height:218px;--overlay-opacity:0.5;}.elementor-324 .elementor-element.elementor-element-c4ca7a6::before, .elementor-324 .elementor-element.elementor-element-c4ca7a6 > .elementor-background-video-container::before, .elementor-324 .elementor-element.elementor-element-c4ca7a6 > .e-con-inner > .elementor-background-video-container::before, .elementor-324 .elementor-element.elementor-element-c4ca7a6 > .elementor-background-slideshow::before, .elementor-324 .elementor-element.elementor-element-c4ca7a6 > .e-con-inner > .elementor-background-slideshow::before, .elementor-324 .elementor-element.elementor-element-c4ca7a6 > .elementor-motion-effects-container > .elementor-motion-effects-layer::before{--background-overlay:'';background-image:url(\"https:\/\/myjawhara.com\/wp-content\/uploads\/2025\/05\/telechargement.jpg\");background-position:center center;background-repeat:no-repeat;background-size:100% auto;}.elementor-widget-heading .elementor-heading-title{font-family:var( --e-global-typography-primary-font-family ), Sans-serif;font-weight:var( --e-global-typography-primary-font-weight );}.elementor-324 .elementor-element.elementor-element-fe379d4{text-align:center;}.elementor-324 .elementor-element.elementor-element-fe379d4 .elementor-heading-title{font-family:\"Playfair Display\", Sans-serif;font-weight:600;}.elementor-324 .elementor-element.elementor-element-fe379d4 > .elementor-widget-container{padding:45px 0px 0px 0px;}.elementor-widget-icon-list .elementor-icon-list-item > .elementor-icon-list-text, .elementor-widget-icon-list .elementor-icon-list-item > a{font-family:var( --e-global-typography-text-font-family ), Sans-serif;font-weight:var( --e-global-typography-text-font-weight );}.elementor-324 .elementor-element.elementor-element-ed23d41 .elementor-icon-list-icon i{color:#040404;transition:color 0.3s;}.elementor-324 .elementor-element.elementor-element-ed23d41 .elementor-icon-list-icon svg{fill:#040404;transition:fill 0.3s;}.elementor-324 .elementor-element.elementor-element-ed23d41{--e-icon-list-icon-size:14px;--icon-vertical-offset:0px;}.elementor-324 .elementor-element.elementor-element-ed23d41 .elementor-icon-list-item > .elementor-icon-list-text, .elementor-324 .elementor-element.elementor-element-ed23d41 .elementor-icon-list-item > a{font-family:\"Marcellus SC\", Sans-serif;font-weight:700;}.elementor-324 .elementor-element.elementor-element-ed23d41 .elementor-icon-list-text{color:#000000;transition:color 0.3s;}.elementor-324 .elementor-element.elementor-element-a73027b{--display:flex;--flex-direction:column;--container-widget-width:100%;--container-widget-height:initial;--container-widget-flex-grow:0;--container-widget-align-self:initial;--flex-wrap-mobile:wrap;--margin-top:0px;--margin-bottom:0px;--margin-left:0px;--margin-right:0px;--padding-top:0px;--padding-bottom:0px;--padding-left:0px;--padding-right:0px;}.elementor-widget-text-editor{font-family:var( --e-global-typography-text-font-family ), Sans-serif;font-weight:var( --e-global-typography-text-font-weight );}.elementor-324 .elementor-element.elementor-element-042da08{font-family:\"Marcellus\", Sans-serif;font-weight:400;color:#262626;}.elementor-324 .elementor-element.elementor-element-042da08 > .elementor-widget-container{padding:48px 48px 48px 48px;}<\/style>\t\t<div data-elementor-type=\"wp-page\" data-elementor-id=\"324\" class=\"elementor elementor-324\" data-elementor-post-type=\"page\">\n\t\t\t\t<div class=\"elementor-element elementor-element-1edc6de e-flex e-con-boxed e-con e-parent\" data-id=\"1edc6de\" data-element_type=\"container\" data-e-type=\"container\">\n\t\t\t\t\t<div class=\"e-con-inner\">\n\t\t<div class=\"elementor-element elementor-element-c4ca7a6 e-con-full e-flex e-con e-child\" data-id=\"c4ca7a6\" data-element_type=\"container\" data-e-type=\"container\">\n\t\t\t\t<div class=\"elementor-element elementor-element-fe379d4 elementor-widget elementor-widget-heading\" data-id=\"fe379d4\" data-element_type=\"widget\" data-e-type=\"widget\" data-widget_type=\"heading.default\">\n\t\t\t\t<div class=\"elementor-widget-container\">\n\t\t\t\t\t<h2 class=\"elementor-heading-title elementor-size-default\">Conditions d'utilisation<\/h2>\t\t\t\t<\/div>\n\t\t\t\t<\/div>\n\t\t\t\t<div class=\"elementor-element elementor-element-ed23d41 elementor-icon-list--layout-inline elementor-align-center elementor-list-item-link-full_width elementor-widget elementor-widget-icon-list\" data-id=\"ed23d41\" data-element_type=\"widget\" data-e-type=\"widget\" data-widget_type=\"icon-list.default\">\n\t\t\t\t<div class=\"elementor-widget-container\">\n\t\t\t\t\t\t\t<ul class=\"elementor-icon-list-items elementor-inline-items\">\n\t\t\t\t\t\t\t<li class=\"elementor-icon-list-item elementor-inline-item\">\n\t\t\t\t\t\t\t\t\t\t<span class=\"elementor-icon-list-text\">Home<\/span>\n\t\t\t\t\t\t\t\t\t<\/li>\n\t\t\t\t\t\t\t\t<li class=\"elementor-icon-list-item elementor-inline-item\">\n\t\t\t\t\t\t\t\t\t\t\t<span class=\"elementor-icon-list-icon\">\n\t\t\t\t\t\t\t<svg aria-hidden=\"true\" class=\"e-font-icon-svg e-fas-circle\" viewBox=\"0 0 512 512\" xmlns=\"http:\/\/www.w3.org\/2000\/svg\"><path d=\"M256 8C119 8 8 119 8 256s111 248 248 248 248-111 248-248S393 8 256 8z\"><\/path><\/svg>\t\t\t\t\t\t<\/span>\n\t\t\t\t\t\t\t\t\t\t<span class=\"elementor-icon-list-text\">Conditions d'utilisation<\/span>\n\t\t\t\t\t\t\t\t\t<\/li>\n\t\t\t\t\t\t<\/ul>\n\t\t\t\t\t\t<\/div>\n\t\t\t\t<\/div>\n\t\t\t\t<\/div>\n\t\t\t\t\t<\/div>\n\t\t\t\t<\/div>\n\t\t<div class=\"elementor-element elementor-element-a73027b e-flex e-con-boxed e-con e-parent\" data-id=\"a73027b\" data-element_type=\"container\" data-e-type=\"container\">\n\t\t\t\t\t<div class=\"e-con-inner\">\n\t\t\t\t<div class=\"elementor-element elementor-element-042da08 elementor-widget elementor-widget-text-editor\" data-id=\"042da08\" data-element_type=\"widget\" data-e-type=\"widget\" data-widget_type=\"text-editor.default\">\n\t\t\t\t<div class=\"elementor-widget-container\">\n\t\t\t\t\t\t\t\t\t<p data-start=\"129\" data-end=\"214\">Notre site respecte votre vie priv\u00e9e et s\u2019engage \u00e0 prot\u00e9ger vos donn\u00e9es personnelles.<\/p><p data-start=\"216\" data-end=\"715\">Cette politique de confidentialit\u00e9 explique comment nous collectons et utilisons vos donn\u00e9es personnelles (dans certaines circonstances). Elle d\u00e9crit \u00e9galement les proc\u00e9dures que nous suivons pour garantir la confidentialit\u00e9 de vos informations. Enfin, elle pr\u00e9cise les options qui s\u2019offrent \u00e0 vous concernant la collecte, l&#8217;utilisation et la divulgation de vos donn\u00e9es personnelles. En visitant notre site directement ou via un autre site, vous acceptez les pratiques d\u00e9crites dans cette politique.<\/p><p data-start=\"717\" data-end=\"1132\">La protection de vos donn\u00e9es est tr\u00e8s importante pour nous. Par cons\u00e9quent, votre nom et les autres informations vous concernant sont utilis\u00e9s conform\u00e9ment \u00e0 cette politique de confidentialit\u00e9. Nous ne collectons vos donn\u00e9es que lorsque cela est n\u00e9cessaire ou pertinent \u00e0 notre relation commerciale avec vous. Vos donn\u00e9es seront conserv\u00e9es conform\u00e9ment \u00e0 la loi ou aux fins pour lesquelles elles ont \u00e9t\u00e9 collect\u00e9es.<\/p><p data-start=\"1134\" data-end=\"1373\">Vous pouvez consulter le site sans fournir de donn\u00e9es personnelles. Votre identit\u00e9 restera anonyme durant toute votre visite sur le site, sauf si vous poss\u00e9dez un compte personnel auquel vous acc\u00e9dez avec votre identifiant et mot de passe.<\/p><hr data-start=\"1375\" data-end=\"1378\" \/><h2 data-start=\"1380\" data-end=\"1418\">1 \u2013 Les donn\u00e9es que nous collectons<\/h2><p data-start=\"1420\" data-end=\"1544\">Nous pourrions avoir besoin de collecter vos informations personnelles si vous souhaitez passer une commande via notre site.<\/p><p data-start=\"1546\" data-end=\"2013\">Nous collectons, stockons et traitons vos donn\u00e9es dans le but de suivre votre achat, de r\u00e9pondre \u00e0 d\u2019\u00e9ventuelles r\u00e9clamations ult\u00e9rieures et de vous fournir les services disponibles sur notre site. Les informations personnelles que nous pouvons recueillir incluent, sans s\u2019y limiter : votre nom, sexe, date de naissance, adresse e-mail, adresse postale, adresse de livraison (si diff\u00e9rente), num\u00e9ro de t\u00e9l\u00e9phone, informations de paiement et donn\u00e9es de carte bancaire.<\/p><p data-start=\"2015\" data-end=\"2462\">Les informations que vous fournissez nous permettent de traiter vos commandes, de vous fournir les services demand\u00e9s, de g\u00e9rer votre compte, de v\u00e9rifier vos transactions en ligne, d\u2019am\u00e9liorer la conception du site, de personnaliser son contenu et de vous contacter (si vous ne vous y opposez pas) pour vous transmettre des informations sur nos produits et services. Vous pouvez \u00e0 tout moment refuser de recevoir nos communications promotionnelles.<\/p><p data-start=\"2464\" data-end=\"2598\">Nous pourrions transmettre votre nom et votre adresse \u00e0 un tiers (par exemple un livreur) pour assurer la livraison de votre commande.<\/p><p data-start=\"2600\" data-end=\"3021\">Vos informations de commande peuvent \u00eatre stock\u00e9es, mais ne peuvent \u00eatre consult\u00e9es directement pour des raisons de s\u00e9curit\u00e9. En vous connectant \u00e0 votre compte, vous pouvez acc\u00e9der \u00e0 vos informations personnelles et \u00e0 l\u2019historique de vos commandes. Vous \u00eates responsable de la confidentialit\u00e9 de vos donn\u00e9es d\u2019acc\u00e8s. Nous ne sommes pas responsables d\u2019un usage incorrect de vos identifiants sauf si cela est de notre fait.<\/p><hr data-start=\"3023\" data-end=\"3026\" \/><h2 data-start=\"3028\" data-end=\"3078\">Autres utilisations de vos donn\u00e9es personnelles<\/h2><p data-start=\"3080\" data-end=\"3251\">Nous pourrions utiliser vos informations pour des \u00e9tudes ou enqu\u00eates marketing (avec votre accord). Les r\u00e9ponses sont anonymes et ne seront jamais partag\u00e9es avec un tiers.<\/p><p data-start=\"3253\" data-end=\"3578\">Nous pourrions vous envoyer des informations sur notre site, nos autres sites, nos produits, nos offres ou celles de nos partenaires. Si vous ne souhaitez plus recevoir ces informations, vous pouvez vous d\u00e9sinscrire via le lien \u00ab se d\u00e9sabonner \u00bb dans nos e-mails, et nous cesserons de vous les envoyer sous 7 jours ouvrables.<\/p><p data-start=\"3580\" data-end=\"3743\">Nous pourrions aussi utiliser des donn\u00e9es non personnelles \u00e0 des fins statistiques ou de localisation de nos visiteurs (sans identifier directement les personnes).<\/p><hr data-start=\"3745\" data-end=\"3748\" \/><h2 data-start=\"3750\" data-end=\"3761\">Concours<\/h2><p data-start=\"3763\" data-end=\"3959\">Dans le cadre d\u2019un concours, nous utilisons les donn\u00e9es pour informer les gagnants et faire la promotion de nos offres. Vous trouverez les d\u00e9tails de participation dans chaque concours sp\u00e9cifique.<\/p><hr data-start=\"3961\" data-end=\"3964\" \/><h2 data-start=\"3966\" data-end=\"3992\">Tiers et liens externes<\/h2><p data-start=\"3994\" data-end=\"4282\">Nous pourrions transf\u00e9rer vos informations \u00e0 d&#8217;autres entit\u00e9s de notre groupe ou \u00e0 des prestataires partenaires (livraison, paiement, service client, \u00e9tude marketing, pr\u00e9vention de fraude\u2026). En cas de vente de notre entreprise, vos donn\u00e9es pourraient \u00eatre transf\u00e9r\u00e9es au nouvel acqu\u00e9reur.<\/p><p data-start=\"4284\" data-end=\"4455\">\u00c0 l\u2019exception des cas pr\u00e9vus dans cette politique, nous ne vendrons ni ne partagerons vos donn\u00e9es personnelles \u00e0 des tiers sans votre autorisation, sauf obligation l\u00e9gale.<\/p><p data-start=\"4457\" data-end=\"4616\">Le site peut contenir des publicit\u00e9s ou des liens vers d&#8217;autres sites. Nous ne sommes pas responsables des politiques de confidentialit\u00e9 de ces sites externes.<\/p><hr data-start=\"4618\" data-end=\"4621\" \/><h2 data-start=\"4623\" data-end=\"4637\">2 \u2013 Cookies<\/h2><p data-start=\"4639\" data-end=\"4788\">L\u2019acceptation des cookies n\u2019est pas n\u00e9cessaire pour visiter le site, mais certaines fonctionnalit\u00e9s (comme le panier) ne fonctionneront pas sans eux.<\/p><p data-start=\"4790\" data-end=\"5069\">Les cookies sont des petits fichiers texte enregistr\u00e9s sur votre appareil pour vous reconna\u00eetre lors de visites ult\u00e9rieures et pour simplifier votre navigation (ex. : sauvegarde du panier, identification de session, etc.). Ils ne collectent pas de donn\u00e9es personnelles sensibles.<\/p><p data-start=\"5071\" data-end=\"5355\">Nous utilisons \u00e9galement <strong data-start=\"5096\" data-end=\"5116\">Google Analytics<\/strong> pour analyser la fr\u00e9quentation du site via des cookies. Google peut transf\u00e9rer ces donn\u00e9es \u00e0 ses serveurs aux \u00c9tats-Unis. Vous pouvez d\u00e9sactiver les cookies via votre navigateur, mais cela pourrait limiter votre exp\u00e9rience sur notre site.<\/p><p data-start=\"5357\" data-end=\"5472\">En utilisant ce site, vous acceptez l\u2019utilisation de vos donn\u00e9es par Google selon les modalit\u00e9s d\u00e9crites ci-dessus.<\/p><hr data-start=\"5474\" data-end=\"5477\" \/><h2 data-start=\"5479\" data-end=\"5494\">3 \u2013 S\u00e9curit\u00e9<\/h2><p data-start=\"5496\" data-end=\"5645\">Nous utilisons des technologies et des mesures de s\u00e9curit\u00e9 pour prot\u00e9ger vos donn\u00e9es contre tout acc\u00e8s non autoris\u00e9 ou ill\u00e9gal, perte ou destruction.<\/p><p data-start=\"5647\" data-end=\"6013\">Les informations que vous nous transmettez sont stock\u00e9es sur des serveurs s\u00e9curis\u00e9s, et les transactions sont prot\u00e9g\u00e9es par un protocole de cryptage (comme SSL). Bien que nous mettions tout en \u0153uvre pour prot\u00e9ger vos donn\u00e9es, aucun syst\u00e8me n\u2019est 100 % s\u00e9curis\u00e9. Nous vous recommandons de ne jamais partager les d\u00e9tails complets de votre carte de paiement par e-mail.<\/p>\t\t\t\t\t\t\t\t<\/div>\n\t\t\t\t<\/div>\n\t\t\t\t\t<\/div>\n\t\t\t\t<\/div>\n\t\t\t\t<\/div>\n\t\t","protected":false},"excerpt":{"rendered":"<p>Conditions d&#8217;utilisation Home Conditions d&#8217;utilisation Notre site respecte votre vie priv\u00e9e et s\u2019engage \u00e0 prot\u00e9ger vos donn\u00e9es personnelles. Cette politique&#8230;<\/p>\n","protected":false},"author":1,"featured_media":0,"parent":0,"menu_order":0,"comment_status":"closed","ping_status":"closed","template":"elementor_header_footer","meta":{"footnotes":""},"class_list":["post-324","page","type-page","status-publish","hentry"],"_links":{"self":[{"href":"https:\/\/myjawhara.com\/index.php\/wp-json\/wp\/v2\/pages\/324","targetHints":{"allow":["GET"]}}],"collection":[{"href":"https:\/\/myjawhara.com\/index.php\/wp-json\/wp\/v2\/pages"}],"about":[{"href":"https:\/\/myjawhara.com\/index.php\/wp-json\/wp\/v2\/types\/page"}],"author":[{"embeddable":true,"href":"https:\/\/myjawhara.com\/index.php\/wp-json\/wp\/v2\/users\/1"}],"replies":[{"embeddable":true,"href":"https:\/\/myjawhara.com\/index.php\/wp-json\/wp\/v2\/comments?post=324"}],"version-history":[{"count":10,"href":"https:\/\/myjawhara.com\/index.php\/wp-json\/wp\/v2\/pages\/324\/revisions"}],"predecessor-version":[{"id":353,"href":"https:\/\/myjawhara.com\/index.php\/wp-json\/wp\/v2\/pages\/324\/revisions\/353"}],"wp:attachment":[{"href":"https:\/\/myjawhara.com\/index.php\/wp-json\/wp\/v2\/media?parent=324"}],"curies":[{"name":"wp","href":"https:\/\/api.w.org\/{rel}","templated":true}]}}